q, -3 = -4*u + 5*q + 3. Suppose -7*o + u*o = 9. Let w(p) = p**3 + 4*p**2 + 2*p - 3. What is w(o)?
0
Let y = 4 + -10. Let n be -7*(-3)/y*4. Let d = n + 9. Let v(b) = 2*b + 5. Determine v(d).
-5
Suppose -a - 2 = 5*q, -1 - 3 = -a - 3*q. Let r = a - 8. Let p(v) = v**3 - 6*v**2 + 5*v - 5. Calculate p(r).
-5
Let p = -6 - -9. Let n(q) be the third derivative of -q**5/60 - 3*q**2. Determine n(p).
-9
Let d be ((-40)/15)/(2/(-6)). Suppose -10*x - d = -8*x. Let g(u) = -u**3 - 5*u**2 - 3*u - 2. Determine g(x).
-6
Let z(l) = -l - 11. Let x be z(-15). Let n(a) = x*a + 0 - 5*a - 1 + 0. Determine n(-5).
4
Let l(s) = 2*s**3 + 2*s**2 - 2*s - 3. Suppose 0 = -2*j - 0*j + 10. Suppose 0 = -j*t - 5 - 5. What is l(t)?
-7
Let d = -13 + 9. Let w(i) = 0*i + 2*i - 1 + 3*i**3 + 4*i**3 - 8*i**3 - 4*i**2. Give w(d).
-9
Let j be 2/12*(-39)/(-26). Let d(f) be the first derivative of -f**2 - j*f**4 + 1 - 4/3*f**3 + f. Give d(-3).
-2
Let v = 5 - 5. Let t(u) = v*u - 2*u**2 + u + u**2 + 0*u. Determine t(-3).
-12
Let g(i) be the second derivative of i**5/5 - i**4/6 + i**3/6 - 24*i. Calculate g(1).
3
Let z = -33 - -29. Let l(h) = -3*h - 2. Let u(x) = x. Let g(n) = l(n) + 2*u(n). Calculate g(z).
2
Let f(n) = -4*n**3. Let i be f(1). Let u be (18/i)/((-12)/16). Suppose 3*v + 0 = u. Let g(d) = d**3 - 3*d**2 + 2*d + 1. Determine g(v).
1
Let a(o) = -6*o**2 + 4*o - 5. Let z(i) = 5*i**2 - 5*i + 4. Let x(t) = -4*a(t) - 5*z(t). Let f be x(9). Let r(n) = n**3 + n**2 + n + 2. Give r(f).
2
Let j(z) = z. Let a(l) = 6*l - 4. Let u(h) = a(h) - 5*j(h). Let s(k) = k + 1. Let b(v) = -3*s(v) + u(v). Give b(-5).
3
Let y(h) = -h**3 + 3*h**2 - 4*h + 1. Suppose -d + 3 = -3*t + 15, 18 = d + 3*t. Calculate y(d).
-11
Let n = -2 - -6. Let o(r) = -n*r + r**2 - 2*r**2 + 1 + 0*r**2. What is o(-5)?
-4
Let j(x) = -x**3 - 6*x**2 - 2*x - 9. Let z be (-2)/10 + (-203)/35. Determine j(z).
3
Let m(r) = 4 + 183*r**2 + 3*r - 182*r**2 - 5 + 4. Let c(j) = j**3 + j**2 - 2. Let u be c(0). Calculate m(u).
1
Let i(v) = -v**3 - 5*v**2 - 4*v - 4. Suppose -2*z + 2 = -3*z. Let b be (-1 + -2)/((-2)/z). Determine i(b).
-10
Let n = -5 + 8. Suppose -4*s = -n*c + 5*c + 18, 0 = 4*c - 2*s + 6. Let o(f) = f**2 + 2*f - 3. Determine o(c).
0
Let x be ((-2)/10)/((-3)/15). Let h be 3/(-3) + (x - -1). Let c(a) = -4*a**2 - 1. What is c(h)?
-5
Let b = 2 - 3. Let v = 5 + b. Let l(m) = 1 - 9*m + 1 - v + 3. Determine l(1).
-8
Let u(o) = o**2 - 3*o. Suppose -3*b + 6 + 1 = 2*s, s = -3*b + 5. Let c be (s/3)/(2/9). Suppose 4*d = c*z + 28, 0*z = 2*d - 3*z - 20. Calculate u(d).
4
Suppose -31*k - 6 = -32*k. Let g(r) = -r**3 + 6*r**2 + 2*r - 7. Determine g(k).
5
Let c = -137 - -129. Let s(h) = -h - 10. What is s(c)?
-2
Let x be -5*(1 - (-18)/(-10)). Let g = -5 - -7. Let a(f) = -5 + 7*f**g + 4*f - 12*f**2 + 4*f**2. Give a(x).
-5
Suppose -4*j + 6 = -2. Let l(c) = -8*c**2 - 3*c - 9. Let n(g) = g**2 + g + 1. Let q(v) = l(v) + 6*n(v). Let p(t) be the first derivative of q(t). What is p(j)?
-5
Suppose z + 2*s = 4, 5*z = 4*s - 5 + 39. Let r = z - 3. Let v(q) = 2 - q - 4*q**2 + q**3 + 3*q**3 - q**3 - 4*q**r. What is v(-3)?
-4
Let k = 2 - 1. Let s(p) = k - 5*p - 1. Suppose -8 = -3*d - 5*t, -t + 1 = 3*d - 3*t. What is s(d)?
-5
Let n(p) be the first derivative of -p**3/3 + p**2 + 3*p - 11. Let q(z) = -z**2 - 5*z + 4. Suppose i + 30 = -4*i. Let f be q(i). Determine n(f).
-5
Let q be (-330)/27 + 4/18. Let a = q - -18. Let v(p) = -p**2 + 7*p + 1. Determine v(a).
7
Let v(g) = 8*g + 7. Let f(k) = 9*k + 6. Let p(d) = -6*f(d) + 5*v(d). What is p(-1)?
13
Suppose d = 3*q - 4, 0 = -7*d + 4*d + 6. Let s(x) be the first derivative of x + 1/2*x**2 - 1/3*x**3 + q. Calculate s(1).
1
Let s(p) = p + 6. Suppose 7 = 3*j - 26. Let c = j - 11. Calculate s(c).
6
Let d(b) = -b**2 - 9*b + 4. Let o(r) = -2*r**2 - 19*r + 9. Let w be (-1)/2 + (-26)/(-4). Let x(m) = w*o(m) - 13*d(m). Give x(-2).
0
Let k(j) = 3*j - 2 + 4*j**3 + 0*j**2 - 5*j**3 - 3*j**2. Let o(w) be the third derivative of w**4/24 - 17*w**3/6 + w**2. Let u be o(13). Calculate k(u).
2
Let u be -2 - 12*(-8)/36. Let x(p) be the second derivative of 1/2*p**2 + 0 - p + u*p**3. Give x(-1).
-3
Let b(f) be the third derivative of -4*f**2 - 1/2*f**3 + 1/12*f**5 + 0*f + 1/24*f**4 + 1/120*f**6 + 0. Give b(-3).
12
Let z(s) = 2*s**2 + 8*s + 5. Let v(n) = -n**2 - 7*n - 4. Let j(b) = 3*v(b) + 2*z(b). Let r be ((-2)/(-4))/((-1)/(-10)). Calculate j(r).
-2
Suppose -2*i + 144 = 5*b, -2*i + i - 3 = 0. Suppose g + 4*s = -24, 5*g + 6*s + b = 4*s. Let y(r) = r**2 + 5*r + 3. Determine y(g).
-1
Let u be (1 - 0)/(2/6). Suppose -u*w = 2 - 8. Let c(o) = o**2 - 2*o. Calculate c(w).
0
Suppose -k + 10 = 4*k. Let h(l) = -7*l**3 + 2*l**2 - 8*l - 4. Let i(y) = -8*y**3 + 2*y**2 - 9*y - 5. Let w(q) = 7*h(q) - 6*i(q). What is w(k)?
-2
Suppose 0 = 5*z + 8*z - 2*z. Let c(x) = x**3 - x**2 - x + 1. Determine c(z).
1
Let p(f) = -f**2 - 2 + 10 + 2*f**2 - 10*f - 2. Let t be p(10). Let r(v) = -v + 5. What is r(t)?
-1
Let j(c) be the third derivative of -c**6/720 - c**5/60 + c**4/12 - c**2. Let b(k) be the second derivative of j(k). What is b(2)?
-4
Let i(y) = y**3 + 5*y**2 + 4*y + 4. Let k be i(-4). Let z = k + -8. Let s(v) = -2*v + 1. Determine s(z).
9
Let r(z) be the first derivative of z + 1/3*z**3 + 1/2*z**2 - 1. Suppose 2*x = -0*x + 5*f - 2, 0 = 3*f. Calculate r(x).
1
Let x(c) = -3*c + 7*c - 7*c**2 - 6 - 4*c**2 + 12*c**2. Calculate x(-5).
-1
Let z(v) = 4*v + 3. Suppose n + n + 10 = 0, 0 = h - n - 3. Determine z(h).
-5
Let a be (-45)/25 + 1/(-5). Let h(l) = 4*l + 1 + l**2 + 3 - 5. Give h(a).
-5
Let f(r) = 4 - 3 + 1 + 6*r - 1. What is f(-1)?
-5
Let v(t) = -5*t**2 + 2*t + 1. Suppose 4*b - 13 = -1. Suppose 3 = -2*a + 6*a - s, -b*s = -4*a - 7. Suppose a*h - 3 + 5 = 0. Determine v(h).
-6
Let q(p) be the second derivative of -p**3/3 + 5*p**2 + 5*p. Calculate q(7).
-4
Let t = 35 + -34. Let z(m) = -5*m + 1. What is z(t)?
-4
Let m(w) = 5*w**2 + 3*w - 5*w + 3*w + 0*w**2. Determine m(-1).
4
Suppose 4*d - 12 = 2*d. Let i(s) = s**3 - s**2 + 1. Let u(n) = -7*n**3 + 5*n**2 + 4*n - 7. Let a(h) = d*i(h) + u(h). What is a(-3)?
5
Let h(x) = x**2 - 9*x + 2. Let p be (-4 - -7)/3 - -4*2. What is h(p)?
2
Suppose 0 = -j - 0*j + 3. Let x = 1 + j. Suppose -x*f + 4 = 0, 0 = 5*a + 3*f + 3 - 1. Let c(b) = 5*b. Give c(a).
-5
Let v(d) be the second derivative of -d**5/20 + d**4/12 + 2*d**3/3 - 2*d**2 - 3*d. Give v(3).
-10
Let i(z) = 1 + 1 - 16*z**2 + 17*z**2. Calculate i(0).
2
Suppose -2*f = -3*p - 2, p + 4 = -p + 2*f. Let n(o) = 2*o + p*o**2 + 3 - o**3 - 5*o**2 + 2*o + 3. Calculate n(-4).
6
Let d(n) = -4*n**3 + 2*n + 1. Let u(h) = -5*h**3 + 3*h + 1. Let k(z) = 3*d(z) - 2*u(z). Give k(2).
-15
Let t(x) = -3*x**2 - 3*x - 2. Let q(i) = 5*i**2 + 6 - 15*i**3 + 11*i**3 + 5*i**3 + 6*i. Let n be q(-4). Calculate t(n).
-8
Let l(z) = -3*z + 3. Let w = -57 - -100. Suppose 0 = 4*d - 16, -5*f - 7 - w = -5*d. Let m = -3 - f. What is l(m)?
-6
Let t be (-4)/(-10) - (-66)/(-15). Let y(z) be the first derivative of z**2/2 + 5*z + 2. Let v(i) = -i - 5. Let b(a) = t*v(a) - 3*y(a). Calculate b(-5).
0
Suppose -y + 5*b = -26 - 1, 4*y = 4*b + 28. Let c(k) = -4*k. Let d be c(-1). Suppose d*i = -4*h - 12, 2*i - 3 = y*h + i. Let q(a) = 2*a**2 + 2*a. Give q(h).
4
Let h(f) = -f + 1. Let k be -2 + 8/(-2) - -2. Let w(j) = j**2 + 4*j - 6. Let z(p) = k*h(p) - w(p). Give z(2).
-2
Let r(y) = 5*y + 32 + 5*y**2 + 5*y - 31 - y**3 - 4*y. Calculate r(6).
1
Let t = 32 + -26. Let g(x) = x**3 - 6*x**2 + 3. Calculate g(t).
3
Let b(v) = v**3 - v**2 - v - 1. Let q(y) = 3*y**3 - 10*y**2 + 6*y + 1. Let k(h) = -2*b(h) + q(h). Calculate k(7).
10
Let q(c) be the second derivative of c**5/20 - c**4/3 - 5*c**3/6 - 5*c**2/2 + c. Let a(t) = 1 - 7*t - 6 + 0*t - t**2. Let l be a(-5). What is q(l)?
-5
Suppose 0 = -7*i + 3*i + 16. Let w = 6 - i. Let n(h) = -3 + 2*h**w - h + 0*h**2 - h. Calculate n(-2).
9
Suppose 4*d = 2*h - 4*h - 12, -3*d = h + 7. Let u be h/(-14) + (-24)/(-14). Let y(c) = -c**2 + 1 + 0*c**2 - 4*c**2 - u*c. Determine y(1).
-6
Let m(k) = -k**2 + 13*k - 31. Let b be m(6). Let x(t) = t - 13. Calculate x(b).
-2
Let c(t) = 2*t**2 + t + 1. Suppose 2*o - 23 = 5*s, 2*s + 3*o - 15 = 3*s. Calculate c(s).
16
Suppose 5*f - 9*f = 24. Let v = f + 7. Let d(o) = -7*o - 1. What is d(v)?
-8
Let y(s) = -6*s + 3. Let u(g) = -g. Let h be u(-4). Let n(j) = -11